= 8*c. List the prime factors of c.
2, 3
Let u = 2231 - 320. What are the prime factors of u?
3, 7, 13
Let m(i) = -21*i. Let s be m(-2). Suppose -5*t - 2 = -s. List the prime factors of t.
2
Let s(g) = -23*g - 50. Let k(v) = -2000*v - 4350. Let t(h) = -2*k(h) + 175*s(h). List the prime factors of t(-6).
2, 5
Suppose 60 = 12*m + 228. Let z(c) = -3*c - 14. List the prime factors of z(m).
2, 7
Let b = 2376 - 1445. What are the prime factors of b?
7, 19
Let m = 14 + -14. Suppose m = 9*x - 5*x. What are the prime factors of x/8 + 72/2?
2, 3
Let y = -14 + 20. Suppose -3*t = y*f - f - 151, -3*f + 99 = 2*t. List the prime factors of t.
2, 3, 7
Let m(i) = 8*i + 6. Suppose 6*c = -9 + 39. What are the prime factors of m(c)?
2, 23
Suppose 0 = -4*v + 3*r + 52 + 26, -4*r = -5*v + 98. Let k be (549/v)/(2/(-4)). Let z = k + 111. List the prime factors of z.
2, 5
Let d(a) = 0*a + 2*a - a - 134. Let p be d(0). Let j = -87 - p. What are the prime factors of j?
47
Let r(p) = 2*p**3 + 21*p**2 - 5*p + 13. Suppose 0 = -2*o + 4, -6 = -2*s + 5*o - 36. What are the prime factors of r(s)?
163
Let c(u) = u - 3. Let i be 1/((-24)/(-21) - 1). Let m be c(i). Suppose -l + m*l - 3*s - 15 = 0, 0 = -5*l - s + 37. What are the prime factors of l?
7
Suppose 0 = 3*b - 2*b - 2*b. Suppose -q + 82 = 4*u - 3*q, u - 2*q - 28 = b. What are the prime factors of u?
2, 3
Let y be 2 - ((1 - -2) + -67). Let i = -132 + y. Let k = i - -99. What are the prime factors of k?
3, 11
Let r = -4 - -28. Let f = 67 - r. Let i = f + -24. List the prime factors of i.
19
Let d be (-9)/6 - (-1398)/12. Let v = d - 5. List the prime factors of v.
2, 5, 11
Suppose 2*f - 24 = 14. Suppose m + f = 78. Suppose -c - m + 4 = -3*l, -74 = -4*l + 2*c. List the prime factors of l.
2, 3
Let z be (-6 - -12)*(-1)/(-2). Let t(f) = -f**3 + 6*f**2 + 3*f - 2. Let m be t(z). Suppose m = -2*y + 44. List the prime factors of y.
5
Let r(h) = -h**2 + 102*h - 229. What are the prime factors of r(49)?
2, 37
Suppose 445 = 5*q - 6*o + 2*o, 0 = o + 5. Let v = -7 - -11. Suppose -v*m + q = 5*b + m, 4*m = -4. List the prime factors of b.
2, 3
Suppose 3*m + 6 = 6*m. Suppose 70 = 2*v - m*p + 2, -100 = -3*v + 5*p. What are the prime factors of v?
5, 7
Suppose 2*b + 6 = 4*b. Let j(y) = y**2 - 3*y + 4. Let g be j(b). Suppose 35 = 5*i - 9*h + g*h, 3*h = 12. What are the prime factors of i?
11
Let u(p) = p**3 + p**2 + p + 161. Let x be u(0). Let v = x - 92. Let o = v + -27. List the prime factors of o.
2, 3, 7
Let w = -6126 + 10358. What are the prime factors of w?
2, 23
Suppose 3*j + r = -4*r - 29, 3*r + 6 = 2*j. Let a = j + 16. List the prime factors of a.
13
List the prime factors of -6*6/(-126) + 218170/70.
3, 1039
Suppose 0 = -2*a - 4*o + 12, 4 = 5*a - 0*a - 3*o. Suppose -2*s + 176 = 5*t, -a*s = 2*t + 3*s - 83. Suppose 46 = 2*p - t. List the prime factors of p.
2, 5
Suppose -a + 84 = -0*c - c, 3*a - 2*c = 248. Suppose 0 = 6*b - a - 1144. List the prime factors of b.
2, 3, 17
Suppose -h + 4*p - 8 = 0, -5*p - 35 = -h - 4*h. Let z = h - 2. What are the prime factors of z/(-8)*(-12)/1?
3, 5
Suppose 2*q - q + 50 = 3*u, -4 = -q. What are the prime factors of 6/4*444/u?
37
Let t(z) = 71*z**2 + 12*z + 26. What are the prime factors of t(-6)?
2, 5, 251
Suppose -25*l + 400 = -21*l. What are the prime factors of l?
2, 5
Let w(d) = 156*d**2 - 4*d + 15. What are the prime factors of w(3)?
3, 7, 67
List the prime factors of 3/6*1322*1 + 4.
5, 7, 19
Let m(k) = k**2 + 0*k**2 - 21 - 20*k - 3*k**2 + k**2. Let u be m(-14). Suppose 5*g - 37 - u = 0. List the prime factors of g.
2, 5
Suppose -2*f - f - 58 = n, 2*f = -4*n - 202. Let x = n + 84. List the prime factors of x.
5, 7
Let i be 4/(-6) + 322/(-21). Let k = -7 - i. Suppose 3*x + k = 0, -38 = -4*r - 2*x + 4*x. List the prime factors of r.
2
Let q(v) = v**3 - 7*v**2 + 5*v + 8. Let x be q(6). Suppose -3*r + 21 = 3*d, x*d - 15 = -3*r + 2. Suppose 0*s - 15 = -r*s. What are the prime factors of s?
5
Let x = -3542 + 5160. List the prime factors of x.
2, 809
Let w(r) = r**3 + 20*r**2 - r - 18. Let a be w(-20). Suppose 0 = a*m - 0*m - 66. List the prime factors of m.
3, 11
Suppose 3*k + 4*m - 759 = 0, m - 483 - 267 = -3*k. Let n = k + -168. Suppose -t - 2*t = -n. What are the prime factors of t?
3
Suppose 0 = 4*x - 9*x + 360. Suppose 6*y - x = 540. What are the prime factors of y?
2, 3, 17
Suppose 4*i + 3*a = 121, -a + 0*a + 59 = 2*i. Suppose -2*u + 370 = -i. List the prime factors of u.
199
Let o(m) = -34*m**3 + m**2 - m - 1. Suppose -3 = -r, -3*r = 5*l - 2*l - 6. Let k be o(l). Suppose -3*c + k = 2*c. What are the prime factors of c?
7
Let o(c) = -2*c**3 - 4*c + 9. Let t be o(-5). Suppose -3*k = -0*k - t. Suppose 0 = -6*l + k + 9. What are the prime factors of l?
17
Let t be -3 + 1065/(-2 + -1). Let n = t - -510. What are the prime factors of n?
2, 19
What are the prime factors of 47 + 554 - 1*9?
2, 37
Suppose 0 = -3*l - z - 13 - 8, -l + z = 3. Let u = l - -17. List the prime factors of u.
11
Suppose t + 350 = 3*t. Let l = -83 + t. List the prime factors of l.
2, 23
Suppose 2*u = -2*c - 4 - 8, 0 = 5*u + 10. Let t(m) = m**3 + 3*m**2 - 5*m. Let s be t(c). Suppose 0 = s*p - 39 + 7. What are the prime factors of p?
2
Suppose 0 = -2*w + 3*w - 2. Suppose -192 = -3*n + 3*a, -3*n + 108 + 59 = w*a. Suppose -5*u = -2*h + n, 9*h = 4*h + 5*u + 110. List the prime factors of h.
17
Let v = -3822 - -6278. List the prime factors of v.
2, 307
Suppose 5*w + 9178 = 3*c - 3772, 5*c = -3*w + 21538. List the prime factors of c.
2, 5, 431
Suppose -u - 13 = 3*r, r + 4*r + 27 = -3*u. Let p = -4 + 8. List the prime factors of 11 - (p - -4)/u.
13
Let q be 1/(-1)*(-10 - 285). Suppose 1139 = 3*h + 4*g + 259, 0 = -h - 3*g + q. Suppose -5*b + b + h = 0. What are the prime factors of b?
73
Let a = -1 + 6. Suppose -a*f + f + 1060 = 0. Suppose i - f = -5*s, 0*s = -2*s + 5*i + 106. List the prime factors of s.
53
Suppose -2*j + 10 = 3*j. Suppose j*r - 54 = -r. Suppose -g - 5*p + 23 + r = 0, g + p = 33. What are the prime factors of g?
31
Suppose 0*i + 0*i = i. Suppose 5*f = 2*t - 335, -2*f + 10 = -i*f. List the prime factors of t.
2, 3, 5
Let u(w) = 6*w**3 - w**2 + w + 2. Suppose -b + p = -p - 4, 4*p + 4 = 0. Suppose -b*t + 9*t = 14. What are the prime factors of u(t)?
2, 3
Let p(k) = -3*k + 20. Let u be p(0). Suppose -u*h = -15*h + 60. What are the prime factors of h/15*20/(-8)?
2
Suppose 0*l - l + 10 = 0. Suppose 2*s + l - 34 = 0. List the prime factors of s.
2, 3
Let h = -31 - -11. Suppose -75*f - 660 = -87*f. Let u = f + h. List the prime factors of u.
5, 7
Let f be (5/10)/(2/(-60)). Let c be (-33)/f + 6/(-30). What are the prime factors of 19 + c + (-1)/(-1)?
2, 11
Suppose 3*j - 28 = -2*m, -j + 7 + 4 = m. Let g = j - -17. List the prime factors of g.
23
Let q(k) = 29*k**2 + 27*k + 34. List the prime factors of q(-10).
2, 3, 37
Let k(z) = -z**3 + 13*z**2 - 12*z - 3. Let g be k(11). Let b = 106 + g. List the prime factors of b.
3, 71
Suppose 4*x - 5*u - 10 = 0, 0 = -0*u + 5*u - 10. Let z = -6 + 11. Suppose d = -x*j, 7*j = z*d + 2*j - 60. What are the prime factors of d?
2, 5
Suppose 0 = -o + 5. Suppose 7*r + 2*s - 36 = 2*r, o*r - s - 42 = 0. Suppose h - r = 4*i, 0*i = h - 5*i - 6. What are the prime factors of h?
2
Let b(g) be the second derivative of 23*g**4/12 + g**3/2 - 13*g**2/2 + 2*g - 32. What are the prime factors of b(3)?
7, 29
Let g = 7 - 5. Suppose -2*j - 352 = -3*h - h, -3*h + 264 = 4*j. Suppose -g*c + 6*c = h. List the prime factors of c.
2, 11
Let w(s) = 64*s + 519. List the prime factors of w(9).
3, 5, 73
Suppose -23*o + 31100 = -3*o. What are the prime factors of o?
5, 311
Let p = -698 + 1170. List the prime factors of p.
2, 59
Let y be 2 + (-6)/1 + -2. Let f = 1 - 3. List the prime factors of (-4)/y*(-21)/f.
7
Let k(h) = -13*h - 13. Let j(l) = l**3 + 5*l**2 + 3*l + 8. Let w be j(-5). List the prime factors of k(w).
2, 3, 13
List the prime factors of (8 + (1 - -2))*27/3.
3, 11
Suppose 0 = n - 3 + 6. Suppose -36 = 3*k - 5*k. Let v = k - n. What are the prime factors of v?
3, 7
Suppose -4*g - a + 91 = 0, 3*g = a + 119 - 42. Let u be (3/2)/(12/g). List the prime factors of -36*(6/u)/(-2).
2, 3
Let n(c) be the second derivative of c**3/6 + 7*c**2 + 7*c. Let w be n(-12). Let h(k) = 6*k + 2. What are the prime factors of h(w)?
2,